 7. Let h(k) = 2*d(k) - 9*f(k). Calculate h(p).
16
Let y(k) = -25*k + 3. Let n(w) = -42*w + 7. Let b(p) = 3*n(p) - 5*y(p). Calculate b(-9).
15
Let z(y) = -18 - 4 + 24 + 3*y. Calculate z(1).
5
Let c(z) be the third derivative of z**5/20 - z**4/24 - 5*z**3/2 - 7*z**2. Let f(h) be the first derivative of c(h). Determine f(4).
23
Let o be 2/(-3) - (-3)/(-9). Let m be o + 22 + (0 - -2). Suppose 2*v + m = -2*v - 5*w, 16 = -2*v - 4*w. Let z(j) = -2*j + 2. Calculate z(v).
6
Let x be (-1 - 2/1) + 3. Suppose x = -v + 3 + 3. Let f(s) = 5*s + s - v*s + s + 1. Give f(2).
3
Let r = 10 + 4. Let j(n) = -n + 33. Let l be j(r). Suppose -b + 24 = -2*m + 3*b, 2*m - 3*b = -l. Let i(g) = g**3 + g**2 + 3*g + 2. Determine i(m).
-8
Let d be (2 + 0)/2*(0 - -36). Let c = 34 - d. Let i(k) be the second derivative of k**5/10 + k**4/4 + k**3/6 - k**2/2 + k. Calculate i(c).
-7
Let h(a) = -a**3 - a**2 - a. Let j(p) = -5*p - p**2 + 123 - 162 - 16*p. Let v be j(-19). Determine h(v).
1
Suppose -5 = 8*b - 101. Let r(i) = -i**3 + 13*i**2 - 10*i + 13. Determine r(b).
37
Suppose -16 = -3*z + z. Suppose 10*w - z*w = 0. Suppose w = 2*g + g + 9. Let x(s) = -s**3 - 2*s**2 - 2*s + 1. Give x(g).
16
Let y(m) be the third derivative of m**6/120 + 4*m**5/15 - 3*m**4/2 + 3*m**3/2 - 976*m**2. Determine y(-18).
9
Suppose 1 = -l + 2*o + 9, -2*o = 3*l. Let s be (-7 + -3)/(4 - l). Let h(j) be the third derivative of j**5/30 + j**4/3 + 2*j**3/3 - 2*j**2. Determine h(s).
14
Let a(c) be the first derivative of 10 - 1/6*c**3 + 1/4*c**4 + 0*c**2 + 3*c - 1/10*c**5. Let q(x) be the first derivative of a(x). What is q(2)?
-6
Let c(k) = k**2 - k + 4. Let v be -6*(1 - (-8)/(-6)). Suppose 4*p - v*s + 0 = 4, -p + 6 = 2*s. Suppose -j + p*j = 0. Calculate c(j).
4
Suppose -5*f = -f + 44. Let m be (-12 - f)/(1 - 0). Let k(x) = x - 1. What is k(m)?
-2
Let a(p) = -p**2 - 5*p + 3. Suppose 0 = 57*l - 47*l + 40. Give a(l).
7
Let k(x) be the third derivative of x**5/60 - 3*x**4/8 + 5*x**3/6 - x**2 - 34*x. Calculate k(8).
-3
Let o(r) = -r + 2*r - 1 + 4 + 2. Let i(f) = f**2 + 4*f - 20. Let k be i(-6). What is o(k)?
-3
Let g = -2 - -8. Suppose -3*n = -18 + g. Let f(p) = -5*p + 6. Let j(c) = -11*c + 13. Let i(r) = 9*f(r) - 4*j(r). Determine i(n).
-2
Let q be 1 + -2 + 0 + -2. Let u(l) be the first derivative of -l**4/4 - 2*l**3/3 - 4*l - 431. Give u(q).
5
Let l(s) be the third derivative of s**6/360 + s**5/60 + s**4/6 + 11*s**3/6 + 9*s**2. Let t(b) be the first derivative of l(b). Let q be (-2*6/4)/1. Give t(q).
7
Let u(c) = 7*c**3 + 6*c**2 + 6*c - 5. Let d(z) = -5*z**3 - 7*z**2 - 8*z + 5. Let v(s) = -3*d(s) - 2*u(s). What is v(-7)?
9
Let v(u) be the first derivative of -11*u**3/3 - u**2 - u - 3. Suppose -2*f + d - 12 = -4*d, 3*f + d = -1. Determine v(f).
-10
Let y(b) = 5*b - 5. Let l(s) = 21*s - 24. Let m(w) = 2*l(w) - 9*y(w). Suppose -2*i + 3 = -5. Determine m(i).
-15
Let b(g) be the first derivative of g**4/12 - 2*g**3/3 - 5*g**2 + 6. Let f(k) be the second derivative of b(k). What is f(3)?
2
Let l = 11 + -10. Suppose 0*f + 2*f = 0. Let z(v) = 3 - 2 + 8*v + f*v. Give z(l).
9
Let n(w) = -6*w + 21. Let l be n(3). Let x(j) = -2*j**2 - 3*j + 4. Calculate x(l).
-23
Let s(u) be the first derivative of -3*u**2 + 6*u + 1 + 1/3*u**3. Calculate s(5).
1
Let r(v) = 5*v**3 - 8*v**2 + 10*v + 8. Let l(c) = -7*c**3 + 9*c**2 - 12*c - 9. Let y(q) = -2*l(q) - 3*r(q). Let d = 14 - 9. What is y(d)?
-11
Suppose -2*u + 2*j = -72, -2*u + 4*j = -96 + 30. Let y = u + -39. Let w(p) = -p - 1 - 7 + 1. Give w(y).
-7
Suppose 0*p = 6*p + 18. Let o = p + 3. Let c(w) = -196*w + 186*w + o + 2. What is c(2)?
-18
Let m(y) = 4*y**3 - 23*y**2 - 33*y. Let x(i) = 7*i**3 - 44*i**2 - 61*i. Let l(j) = 5*m(j) - 3*x(j). Give l(18).
0
Let w = 50 + -49. Let n be (-4*w/(-10))/((-4)/20). Let t(z) = -z**3 - z + 1. Let b(v) = 5*v**3 + 2*v - 6. Let l(g) = b(g) + 4*t(g). Calculate l(n).
-6
Suppose -2*n - 32 = -10*n. Let j(o) = o**2 - 5*o + 7. Give j(n).
3
Let y(z) = 5*z**3. Let c(r) = -r + 7. Let n be c(4). Suppose n*t - 10 = -4*p + 2*p, 4*p + 3*t - 32 = 0. Let k = p - 10. What is y(k)?
5
Let y(f) = -f**2 - 5*f - 1. Let i be y(-3). Let q(m) = m + 1. Let x(b) = -2*b + 5*b + 6 + 7. Let u(v) = -6*q(v) + x(v). Give u(i).
-8
Let h(p) = -7*p + 2. Let o(d) = -15*d + 4. Let n(k) = -9*h(k) + 4*o(k). Calculate n(-7).
-23
Let r(p) = 29*p. Let w(h) = 10*h + 1. Let f(u) = r(u) - 3*w(u). Let l = 0 - 5. What is f(l)?
2
Let p be 27/((-2)/(-4)*10/(-15)). Let f = p - -76. Let l(m) = 4 + 2*m + 5 - 3. What is l(f)?
-4
Let c(n) = -n**3 - 3*n**2 + 1. Suppose -2*a = 3*w - 4, -5*a = -3*w - 2*w + 40. Suppose -k = 5*l + w, -2*k = -5*l - 2 + 25. Let p = 7 + k. Calculate c(p).
-3
Let i = -168 - -173. Let t(d) = -d**3 + 7*d**2 - 10*d - 7. Determine t(i).
-7
Suppose -o = -5*n - 2 + 1, -n + 3*o = 3. Let u(h) = h**2 - h - 5. Calculate u(n).
-5
Let l = -6 + 15. Suppose 24 = -3*y - y + 4*t, -y - 2*t + l = 0. Let m(v) = -5*v**3 - 1. Calculate m(y).
4
Let f(k) = 2*k**3 + 6*k**2 + 6. Let t(o) = -3*o**3 - 6*o**2 - o - 5. Let h(b) = 4*f(b) + 3*t(b). Give h(6).
-9
Let q(o) = -4*o**2 + o. Suppose 3*z = 5*z - 114. Let f be z/12 + (-9)/12 - 3. Give q(f).
-3
Let b(y) = 22*y - 13. Let f(r) = -10*r + 6. Let p(g) = 4*b(g) + 9*f(g). Suppose -5*i + 17 = -2*i + 4*k, -3*i + 1 = -4*k. What is p(i)?
-4
Let w(z) = 2*z + z**3 + 36 - 35 + 2*z**2 - z**2. What is w(0)?
1
Let b(o) = -9*o**3 - 17*o**2 - 7*o + 16. Let i(z) = 25*z**3 + 50*z**2 + 22*z - 48. Let j(l) = 11*b(l) + 4*i(l). What is j(-12)?
-4
Let o(v) be the first derivative of v**3/3 - 7*v**2/2 - 6*v + 40. Calculate o(9).
12
Let y(u) = u**3 - 2*u**2 - 3*u - 5. Suppose 0 = 27*t - 23*t - 2*d - 16, 5*d = -4*t + 16. Calculate y(t).
15
Let d be (-45)/(-12) + ((-135)/(-12))/(-15). Let t(b) = b**2 - 4*b - 3. Determine t(d).
-6
Let q(i) = i**2 + 5*i + 6. Let z(f) = -f**3 - 8*f**2 - 8*f - 2. Let r be z(-7). Let x(w) = w**3 - 5*w**2 - 5. Let d be x(r). Calculate q(d).
6
Suppose -k = 6 - 8. Let o(p) be the second derivative of -p**4/6 + p**3/3 + 5*p**2/2 + 3*p. Let i(j) = j**2 - j - 2. Let v(h) = -15*i(h) - 6*o(h). What is v(k)?
-6
Let c = -1289/6 - -215. Let n(u) be the second derivative of -c*u**3 + 0*u**2 + 0 + u. What is n(0)?
0
Let c(s) be the second derivative of -3*s**4/4 - s**3/3 + s**2/2 - 26*s. What is c(1)?
-10
Suppose d - 2*s = 1, -5*d + 4*s + 1 = -4. Let y(b) = d - 2*b + 2*b**2 - b**3 - b - 6*b**2 + 9*b. Let m be (-1)/(-1)*(0 + -5). Determine y(m).
-4
Let y(x) be the first derivative of -2 + 3*x**2 + 0*x - 2*x**3 + 1/4*x**4. Determine y(4).
-8
Let k(w) be the first derivative of w**2/2 - 14*w + 11. Let d(y) = -y**2 + 5*y - 4. Let o be d(4). Calculate k(o).
-14
Let h(k) = 25 - 6 - 3 - 5*k**2 - 6. Let x(j) = 4*j**2 - 9. Let v(i) = i**2 - 4*i + 6. Let z be v(4). Let p(s) = z*x(s) + 5*h(s). What is p(0)?
-4
Let m(f) = f**3 - f**2 - 1. Let t(s) be the third derivative of s**6/60 - s**4/24 - s**3 + 7*s**2. Let v(k) = -4*m(k) + t(k). Determine v(2).
-4
Suppose 0*t = 6*t - 408. Let p(c) = c**2 - 2*c**2 - t*c - 5 + 76*c. Let m be -6*(-2 + (2 - 1)). Determine p(m).
7
Let c(z) be the first derivative of -36 - 13 - 27*z**2 - 2*z + 28*z**2. Give c(4).
6
Let r(t) = -t + 3. Let i(m) = -m**2 + 9*m + 2. Let w be i(10). Let b(o) = o**2 + 4*o + 8. Let z be b(w). Let a = 34 - z. Determine r(a).
9
Let v(w) = -w**3 - 6*w**2 - 4*w. Let a be v(-5). Let h(q) = q - 3. What is h(a)?
-8
Suppose -p = 5*g - 9, -g - g + 4 = 0. Let j(o) = 5*o + 3. Give j(p).
-2
Suppose -5*y + 10 = 5*l, 3*y - 3*l + 2*l = -2. Suppose y = 2*f + m + 6, 4*f - 5*m = 16. Let q(i) = -20*i. What is q(f)?
20
Let w(x) be the third derivative of -x**6/120 + x**5/20 + 5*x**4/24 - x**3 + 14*x**2. What is w(4)?
-2
Let y be 4 + (-6)/2 - (-4 - -1). Suppose 3*j - 9 = -0. Let v(r) = j*r + 0*r - r - 3. What is v(y)?
5
Let f(z) = -z**3 + 5*z**2 + 8*z - 3. Suppose 0 = 17*x - 25*x + 128. Let a = 22 - x. Give f(a).
9
Let p(w) = -w - 1. Let l(m) = -m**2. Suppose -2*c - 1 = -c. Let k(v) = c*p(v) + 2*l(v). Suppose 4*y - 4 = 2*y. Determine k(y).
-5
Suppose 0 = -79*p + 78*p + 29. Suppose -p = -4*o + 3*q, 0 = -3*o + 5*q + 9 + 10. Let a(w) = 3*w - 4. Determine a(o).
20
Let a(p) be the second derivative of 2*p**3/3 - p**2 + 162*p + 2. What is a(1)?
2
Let r(d) = 5*d - 7. Let q be (2 - 2 - -5) + (20 - 22). What is r(q)?
8
Let s(u) = 12*u**3 - 10*